= -49*y + 402. Give l(10).
-88
Let d(n) = 85*n + 29154. Calculate d(-343).
-1
Let a(k) = -6132*k - 6131. Give a(-1).
1
Let u(d) = 29*d**2 + 817*d + 144. What is u(-28)?
4
Let f(k) = -2*k**2 - 191*k + 5305. Determine f(-118).
-5
Let n(a) = -3*a**2 + 85*a - 37. What is n(27)?
71
Let o(w) = -142*w + 547. Give o(4).
-21
Let q(w) = -55*w - 1037. Calculate q(-19).
8
Let z(g) = -g**3 - 23*g**2 - 103*g + 1. What is z(-6)?
7
Let v(b) = b**2 - 2*b - 281. What is v(-16)?
7
Let j(h) = h**3 + 16*h**2 + 33*h + 15. What is j(-16)?
-513
Let b(s) = -3*s**3 - 5*s**2 + s - 182. Give b(0).
-182
Let f(l) = -212*l + 75. Give f(0).
75
Let k(p) = 10*p**3 + 2*p**2 + 5. Determine k(-3).
-247
Let d(q) = 2*q**3 + 18*q**2 + 285*q + 2577. What is d(-9)?
12
Let o(w) = -31*w**2 + 176*w - 109. Calculate o(5).
-4
Let q(l) = 2731*l + 79170. Calculate q(-29).
-29
Let k(m) = 2*m**2 - 94. What is k(7)?
4
Let t(k) = k**3 - 46*k**2 - 48*k + 78. Calculate t(47).
31
Let r(k) = k**2 - 14*k + 23. Calculate r(2).
-1
Let y(x) = x**3 - x**2 - 16*x - 11. Give y(11).
1023
Let a(u) = -22*u**3 + 2*u**2 + 2*u - 1. Give a(-1).
21
Let j(i) = 2*i - 258. Give j(-25).
-308
Let m(l) = -4*l**3 + l**2 + 5*l + 4. Determine m(0).
4
Let z(y) = 5*y**2 - 58*y + 15. Calculate z(10).
-65
Let r(v) = 12*v - 82. What is r(8)?
14
Let o(h) = -h**3 + 7*h**2 - 12*h + 22. Calculate o(6).
-14
Let b(q) = q**3 - 20*q**2 - 13*q + 82. What is b(21)?
250
Let j(b) = -6*b**3 - 235*b**2 - 43*b - 34. Calculate j(-39).
122
Let h(p) = -5*p**2 - 138*p - 873. What is h(-10)?
7
Let t(n) = 4*n**2 + n - 27. Give t(-3).
6
Let l(w) = -w**3 + 3*w**2 + 17*w - 35. Give l(6).
-41
Let r(p) = p**2 - 7*p - 10. Give r(10).
20
Let m(p) = -4*p**3 - 33*p**2 - 192*p - 637. Calculate m(-5).
-2
Let u(v) = -v**3 - 20*v**2 - 16*v + 91. Give u(-19).
34
Let z(f) = -288*f - 8068. Give z(-28).
-4
Let u(p) = p**3 - 5*p**2 - 171*p + 56. Give u(-11).
1
Let c(v) = -50*v**2 + 498*v - 3. Determine c(10).
-23
Let j(i) = i**3 - 8*i**2 + 88*i + 1037. Determine j(-6).
5
Let h(p) = p**3 - 26*p**2 + 141*p + 28. Calculate h(8).
4
Let i(k) = k - 133. Give i(39).
-94
Let f(p) = 120*p + 18521. Give f(-154).
41
Let h(y) = -29*y**2 - 169*y + 12. Give h(-6).
-18
Let k(n) = -7*n**2 + 127*n + 441. Calculate k(-3).
-3
Let h(p) = -2*p**2 + 19*p - 32. Calculate h(7).
3
Let v(m) = m - 24. Calculate v(10).
-14
Let r(g) = g - 32. Calculate r(37).
5
Let o(r) = -256*r + 7003. Calculate o(27).
91
Let p(i) = 40*i + 36. Calculate p(-1).
-4
Let y(h) = h**3 + 2*h**2 - 134*h - 499. What is y(-4)?
5
Let c(l) = l**2 - 60*l - 327. Calculate c(-5).
-2
Let j(p) = -p**2 - 12*p - 73. What is j(-7)?
-38
Let u(p) = 336*p + 6788. Give u(-20).
68
Let p(w) = 1953*w + 3888. Calculate p(-2).
-18
Let k(z) = 17*z + 529. Determine k(-29).
36
Let i(m) = 1260*m + 6315. Determine i(-5).
15
Let i(g) = g**3 - 7*g**2 + 3*g + 16. Give i(6).
-2
Let w(c) = -2*c**2 + 168*c + 720. Calculate w(88).
16
Let w(r) = 153*r + 13667. What is w(-89)?
50
Let q(d) = -d**3 - 17*d**2 - 30*d + 49. Determine q(-13).
-237
Let g(t) = t**3 - 15*t**2 + 35*t + 27. Give g(11).
-72
Let d(b) = 74*b + 6114. Give d(-80).
194
Let d(s) = s**2 - 227*s + 8978. What is d(51)?
2
Let t(w) = 4*w**2 + 77*w + 264. Give t(-18).
174
Let r(a) = 17*a**2 - 172*a - 44. What is r(10)?
-64
Let y(f) = 3155*f - 15789. Determine y(5).
-14
Let v(j) = -15*j**2 - 788*j - 1904. Determine v(-50).
-4
Let j(z) = 14485*z - 72416. What is j(5)?
9
Let x(o) = -2*o**3 + 107*o**2 - 51*o - 97. Give x(53).
9
Let v(y) = y**3 - 9*y**2 - 139*y + 5. Calculate v(-8).
29
Let z(g) = 10*g**2 - 7*g + 1. Calculate z(1).
4
Let a(r) = 697*r - 27875. What is a(40)?
5
Let h(g) = g**3 - 9*g**2 + 35*g - 19. Determine h(3).
32
Let l(n) = -2*n**3 - 252*n**2 - 244*n + 722. What is l(-125)?
-28
Let x(f) = f**3 - 22*f**2 + 31*f - 1256. Calculate x(23).
-14
Let k(f) = 2*f**2 + 142*f - 90. Calculate k(-72).
54
Let l(k) = -k**3 + 7*k**2 - 6*k + 3. Determine l(6).
3
Let d(l) = 104*l - 700. What is d(18)?
1172
Let c(i) = -i**3 + 12*i**2 + 93*i - 282. What is c(17)?
-146
Let a(n) = -2*n - 2. Calculate a(-7).
12
Let b(z) = z**2 - 36*z + 239. Calculate b(7).
36
Let d(p) = -597*p + 1767. Determine d(3).
-24
Let r(c) = 301*c - 32200. What is r(107)?
7
Let p(i) = -i**3 + 23*i**2 - 133*i + 26. Determine p(9).
-37
Let i(s) = -29*s + 1499. What is i(54)?
-67
Let z(p) = p**2 + 20*p - 99. Calculate z(-25).
26
Let i(l) = -6*l**2 + 83*l - 282. Determine i(8).
-2
Let r(w) = 106*w + 5843. Give r(-55).
13
Let o(i) = 25*i + 189. Calculate o(-7).
14
Let v(u) = 2*u**3 - 22*u**2 - 45*u - 115. Calculate v(13).
-24
Let i(r) = -51*r - 7. Calculate i(-5).
248
Let d(m) = 2*m**3 - 290*m**2 + 2449*m - 142. Give d(136).
-6
Let n(g) = -g**3 - 31*g**2 - 26*g - 1. What is n(-30)?
-121
Let w(h) = -1177*h + 11745. Calculate w(10).
-25
Let m(d) = d**3 - 18*d**2 + 59*d - 21. Calculate m(15).
189
Let t(g) = 4*g**2 + 2*g - 16. Give t(-3).
14
Let b(d) = -47*d**2 - 3619*d + 8. What is b(-77)?
8
Let r(g) = -138*g - 107. Give r(-1).
31
Let r(p) = p**3 + 9*p**2 + 28*p + 31. What is r(-4)?
-1
Let a(y) = -y**3 + 8*y**2 - 5*y + 22. Give a(9).
-104
Let r(i) = -137*i - 3903. Calculate r(-29).
70
Let v(s) = -s**3 + 29*s**2 - 151*s - 5. Calculate v(7).
16
Let b(w) = 6*w**2 - 35*w. Calculate b(6).
6
Let p(s) = -3*s**3 - 43*s**2 - 60*s - 107. What is p(-13)?
-3
Let d(w) = 333*w + 10671. Calculate d(-32).
15
Let o(v) = 2*v**3 - 9*v**2 + 5*v - 40. What is o(5)?
10
Let k(q) = q**3 - 3*q**2 + 28*q - 162. Calculate k(0).
-162
Let b(s) = -2*s**2 - 116*s - 69. What is b(-53)?
461
Let z(l) = 3*l**2 - 9*l - 38. Calculate z(-3).
16
Let u(t) = 3*t**2 - 27*t - 27. Give u(-1).
3
Let c(r) = 3*r**2 + 2*r + 18. Give c(-2).
26
Let n(y) = y**3 - 21*y**2 + 68*y - 33. What is n(18)?
219
Let m(f) = -3*f**2 + 987*f + 7946. What is m(-8)?
-142
Let f(t) = 263*t**3 + t**2 - 2*t - 2. Determine f(-1).
-262
Let h(j) = j**3 + 26*j**2 + 62*j - 52. Determine h(-22).
520
Let z(o) = -o**3 + 127*o**2 - 129*o + 376. Calculate z(126).
-2
Let m(x) = -x**3 - 7*x**2 + 41*x + 264. Determine m(-7).
-23
Let c(l) = -4*l**2 + 111*l + 1188. Calculate c(36).
0
Let p(l) = -l**3 - 78*l**2 + 663*l + 17. Determine p(8).
-183
Let s(h) = -h**3 - 5*h**2 + 64*h - 31. Calculate s(6).
-43
Let x(l) = 2*l + 45. Determine x(-19).
7
Let z(i) = 789*i + 4. Give z(0).
4
Let c(s) = -716*s - 15756. Calculate c(-22).
-4
Let x(v) = v**2 + 13*v + 43. Determine x(-10).
13
Let i(b) = -3*b**2 + 17*b + 34. Give i(9).
-56
Let w(d) = d**2 + 15*d + 33. Determine w(-6).
-21
Let y(w) = -w**2 + 22*w + 543. Calculate y(0).
543
Let s(q) = 15*q**3 - 2*q**2 + 2. Give s(1).
15
Let p(x) = x**3 - 6*x**2 + 6*x + 13. Calculate p(6).
49
Let f(o) = -925*o - 19. Calculate f(0).
-19
Let o(c) = 17*c + 284. What is o(-19)?
-39
Let j(k) = 2*k**2 + 798*k + 62497. Give j(-107).
9
Let z(i) = -i**3 + 9*i**2 + 38*i - 341. Calculate z(6).
-5
Let i(s) = s**3 - 47*s**2 - 104*s + 144. What is i(49)?
-150
Let u(k) = k**3 + 30*k**2 + 194*k. Give u(-20).
120
Let d(c) = c**3 - 46*c**2 + 70*c - 938. Determine d(45).
187
Let a(t) = -t**3 + 6*t**2 + 211*t + 122. Calculate a(18).
32
Let c(m) = -m**3 + 41*m**2 - 383*m - 95. Determine c(15).
10
Let d(h) = -4*h**3 + 5*h**2 + 18*h - 4. What is d(5)?
-289
Let s(r) = 4*r - 21. Calculate s(19).
55
Let f(v) = 2*v**3 - 49*v**2 - 209*v + 368. Determine f(28).
4
Let c(q) = q**2 + 37*q + 117. Give c(-23).
-205
Let t(g) = 5*g**3 + 3*g**2 + 7*g - 9. What is t(1)?
6
Let j(t) = -3*t**3 - t**2 - 16*t - 15. Determine j(-1).
3
Let q(z) = 4*z**2 + 8*z + 40. Determine q(8).
360
Let f(g) = 111*g - 259. Calculate f(2).
-37
Let z(g) = 2*g + 20. Give z(-14).
-8
Let w(m) = 65*m - 69. What is w(-6)?
-459
Let g(j) = -529*j + 8482. Determine g(16).
18
Let d(s) = s**3 - 13*s**2 + 27*s - 125. What is d(9)?
-206
Let w(c) = -c**2 - 97*c - 1390. Give w(-18).
32
Let r(s) = 3*s**3 - 87*s**2 + 160*s + 46. Determine r(27).
-8
Let k(w) = -26*w - 49. Calculate k(-2).
3
Let f(c) = 51*c + 1863. Determine f(-37).
-24
Let x(g) = 3*g**3 - 5*g**2 + 33*g + 395. Determine x(-4).
-9
Let t(a) = 12*a**2 - 132*a - 859. What is t(-7)?
653
Let d(h) = 14*h**2 + 30*h - 3. Calculate d(-2).
-7
Let n(x) = x**3 + 10*x**2 - 21*x + 41. Calculate n(-11).
151
Let s(w) = -50*w + 330. Give s(-3).
480
Let f(w) = -16*w**2 + 24*w + 131. Give f(-5).
-389
Let f(t) = -24*t**2 